{"id":741,"date":"2021-02-25T23:42:37","date_gmt":"2021-02-25T23:42:37","guid":{"rendered":"https:\/\/www.teletar.ro\/?page_id=741"},"modified":"2024-06-19T08:48:20","modified_gmt":"2024-06-19T08:48:20","slug":"teletar-in-presa","status":"publish","type":"page","link":"https:\/\/www.teletar.ro\/index.php\/ro\/teletar-in-presa\/","title":{"rendered":"TeleT\u00e1r \u00een pres\u0103"},"content":{"rendered":"\n<div class=\"wp-block-columns is-layout-flex wp-container-core-columns-is-layout-1 wp-block-columns-is-layout-flex\">\n<div class=\"wp-block-column is-layout-flow wp-block-column-is-layout-flow\"><div id=\"footable_parent_792\"\n         class=\" footable_parent ninja_table_wrapper loading_ninja_table wp_table_data_press_parent semantic_ui \">\n                <table data-ninja_table_instance=\"ninja_table_instance_0\" data-footable_id=\"792\" data-filter-delay=\"1000\" aria-label=\"Press RO\"            id=\"footable_792\"\n           data-unique_identifier=\"ninja_table_unique_id_745207691_792\"\n           class=\" foo-table ninja_footable foo_table_792 ninja_table_unique_id_745207691_792 ui table  nt_type_ajax_table vertical_centered  footable-paging-right ninja_table_search_disabled\">\n                <colgroup>\n                            <col class=\"ninja_column_0 \">\n                            <col class=\"ninja_column_1 \">\n                            <col class=\"ninja_column_2 \">\n                    <\/colgroup>\n            <\/table>\n    \n    \n    \n<\/div>\n\n<\/div>\n<\/div>\n\n\n\n<p>   <\/p>\n","protected":false},"excerpt":{"rendered":"","protected":false},"author":1,"featured_media":0,"parent":0,"menu_order":0,"comment_status":"closed","ping_status":"closed","template":"","meta":{"neve_meta_sidebar":"full-width","neve_meta_container":"","neve_meta_enable_content_width":"on","neve_meta_content_width":100,"neve_meta_title_alignment":"","neve_meta_author_avatar":"","neve_post_elements_order":"","neve_meta_disable_header":"","neve_meta_disable_footer":"","neve_meta_disable_title":"","footnotes":""},"class_list":["post-741","page","type-page","status-publish","hentry"],"_links":{"self":[{"href":"https:\/\/www.teletar.ro\/index.php\/wp-json\/wp\/v2\/pages\/741","targetHints":{"allow":["GET"]}}],"collection":[{"href":"https:\/\/www.teletar.ro\/index.php\/wp-json\/wp\/v2\/pages"}],"about":[{"href":"https:\/\/www.teletar.ro\/index.php\/wp-json\/wp\/v2\/types\/page"}],"author":[{"embeddable":true,"href":"https:\/\/www.teletar.ro\/index.php\/wp-json\/wp\/v2\/users\/1"}],"replies":[{"embeddable":true,"href":"https:\/\/www.teletar.ro\/index.php\/wp-json\/wp\/v2\/comments?post=741"}],"version-history":[{"count":13,"href":"https:\/\/www.teletar.ro\/index.php\/wp-json\/wp\/v2\/pages\/741\/revisions"}],"predecessor-version":[{"id":1004,"href":"https:\/\/www.teletar.ro\/index.php\/wp-json\/wp\/v2\/pages\/741\/revisions\/1004"}],"wp:attachment":[{"href":"https:\/\/www.teletar.ro\/index.php\/wp-json\/wp\/v2\/media?parent=741"}],"curies":[{"name":"wp","href":"https:\/\/api.w.org\/{rel}","templated":true}]}}